{"id":1908,"date":"2020-04-02T05:37:58","date_gmt":"2020-04-02T05:37:58","guid":{"rendered":"https:\/\/mallorcaheritage.com\/de\/momentos\/evento-cas-sucrer\/"},"modified":"2021-11-03T14:17:30","modified_gmt":"2021-11-03T14:17:30","slug":"evento-cas-sucrer","status":"publish","type":"page","link":"https:\/\/mallorcaheritage.com\/de\/evento-cas-sucrer\/","title":{"rendered":"EVENT ZUR VORSTELLUNG VON CAS SUCRER"},"content":{"rendered":"<section class=\"wpb-content-wrapper\"><p>[vc_row css=&#8221;.vc_custom_1635582345967{margin-top: 150px !important;margin-bottom: 50px !important;}&#8221;][vc_column width=&#8221;1\/6&#8243;][\/vc_column][vc_column width=&#8221;2\/3&#8243;][vc_empty_space height=&#8221;100px&#8221;][vc_column_text]<\/p>\n<h2 style=\"text-align: center;\">EVENT ZUR VORSTELLUNG VON CAS SUCRER<\/h2>\n<p>[\/vc_column_text][vc_column_text]<\/p>\n<p style=\"text-align: center;\">Wir haben diesen besonderen Event zur Vorstellung unseres Projekts Cas Sucrer in Zusammenarbeit mit Living Blue veranstaltet und konnten damit einen vollen Erfolg ernten.<\/p>\n<p style=\"margin: 0cm; margin-bottom: .0001pt; text-align: center; background: white; vertical-align: baseline;\" align=\"center\"><span lang=\"DE\" style=\"font-size: 10.5pt; font-family: Montserrat; color: black;\">Umringt von s\u00e4mtlichen gro\u00dfartigen Fachleuten, aus denen sich das Mitarbeiterteam unseres Immobilienentwicklungsunternehmens zusammensetzt, haben wir unseren Kunden die Musterwohnung dieses Bauprojekts, das in privilegierter Lage in der Ortschaft Santa Mar\u00eda del Cam\u00ed ausgef\u00fchrt wurde, vorgestellt.<\/span><\/p>\n<p>[\/vc_column_text][\/vc_column][vc_column width=&#8221;1\/6&#8243;][\/vc_column][\/vc_row][vc_row][vc_column][vc_images_carousel images=&#8221;1452,1453,1454,1455,1456,1457,1458,1459,1460,1461,1462,1463,1464,1465,1466&#8243; img_size=&#8221;full&#8221; speed=&#8221;3000&#8243; autoplay=&#8221;yes&#8221; hide_pagination_control=&#8221;yes&#8221;][\/vc_column][\/vc_row][vc_row][vc_column width=&#8221;1\/6&#8243;][\/vc_column][vc_column width=&#8221;2\/3&#8243;][vc_column_text]<\/p>\n<p style=\"text-align: center;\">Wir haben diese Gelegenheit, bei der wir uns ausgezeichneter Gesellschaft erfreuen konnten und uns in Begleitung au\u00dfergew\u00f6hnlicher Personen befanden, dazu genutzt, gemeinsam das k\u00f6stliche Catering bei Live-Musik zu genie\u00dfen. Wir sind dem Immobilienb\u00fcro Living Blue dankbar f\u00fcr seine Mithilfe zur Veranstaltung dieses wunderbaren Events.<\/p>\n<p>[\/vc_column_text][\/vc_column][vc_column width=&#8221;1\/6&#8243;][\/vc_column][\/vc_row][vc_row][vc_column][vc_gallery type=&#8221;image_grid&#8221; images=&#8221;1467,1468,1469,1470,1471,1472,1473,1474,1475,1476,1477,1478,1479,1480,1481,1482,1483,1484,1485,1486,1487,1488,1489,1490,1491&#8243; img_size=&#8221;277&#215;180&#8243;][\/vc_column][\/vc_row]<\/p>\n<\/section>","protected":false},"excerpt":{"rendered":"<p>[vc_row css=&#8221;.vc_custom_1635582345967{margin-top: 150px !important;margin-bottom: 50px !important;}&#8221;][vc_column width=&#8221;1\/6&#8243;][\/vc_column][vc_column width=&#8221;2\/3&#8243;][vc_empty_space height=&#8221;100px&#8221;][vc_column_text] EVENT ZUR VORSTELLUNG VON CAS SUCRER [\/vc_column_text][vc_column_text] Wir haben diesen besonderen Event zur Vorstellung unseres Projekts Cas<span class=\"excerpt-hellip\"> [\u2026]<\/span><\/p>\n","protected":false},"author":1,"featured_media":6347,"parent":0,"menu_order":0,"comment_status":"closed","ping_status":"closed","template":"","meta":{"footnotes":""},"class_list":["post-1908","page","type-page","status-publish","has-post-thumbnail","hentry"],"aioseo_notices":[],"_links":{"self":[{"href":"https:\/\/mallorcaheritage.com\/de\/wp-json\/wp\/v2\/pages\/1908","targetHints":{"allow":["GET"]}}],"collection":[{"href":"https:\/\/mallorcaheritage.com\/de\/wp-json\/wp\/v2\/pages"}],"about":[{"href":"https:\/\/mallorcaheritage.com\/de\/wp-json\/wp\/v2\/types\/page"}],"author":[{"embeddable":true,"href":"https:\/\/mallorcaheritage.com\/de\/wp-json\/wp\/v2\/users\/1"}],"replies":[{"embeddable":true,"href":"https:\/\/mallorcaheritage.com\/de\/wp-json\/wp\/v2\/comments?post=1908"}],"version-history":[{"count":0,"href":"https:\/\/mallorcaheritage.com\/de\/wp-json\/wp\/v2\/pages\/1908\/revisions"}],"wp:featuredmedia":[{"embeddable":true,"href":"https:\/\/mallorcaheritage.com\/de\/wp-json\/wp\/v2\/media\/6347"}],"wp:attachment":[{"href":"https:\/\/mallorcaheritage.com\/de\/wp-json\/wp\/v2\/media?parent=1908"}],"curies":[{"name":"wp","href":"https:\/\/api.w.org\/{rel}","templated":true}]}}

<section class="wpb-content-wrapper"><p>[vc_row css=&#8221;.vc_custom_1635582345967{margin-top: 150px !important;margin-bottom: 50px !important;}&#8221;][vc_column width=&#8221;1/6&#8243;][/vc_column][vc_column width=&#8221;2/3&#8243;][vc_empty_space height=&#8221;100px&#8221;][vc_column_text]</p>
<h2 style="text-align: center;">EVENT ZUR VORSTELLUNG VON CAS SUCRER</h2>
<p>[/vc_column_text][vc_column_text]</p>
<p style="text-align: center;">Wir haben diesen besonderen Event zur Vorstellung unseres Projekts Cas Sucrer in Zusammenarbeit mit Living Blue veranstaltet und konnten damit einen vollen Erfolg ernten.</p>
<p style="margin: 0cm; margin-bottom: .0001pt; text-align: center; background: white; vertical-align: baseline;" align="center"><span lang="DE" style="font-size: 10.5pt; font-family: Montserrat; color: black;">Umringt von sämtlichen großartigen Fachleuten, aus denen sich das Mitarbeiterteam unseres Immobilienentwicklungsunternehmens zusammensetzt, haben wir unseren Kunden die Musterwohnung dieses Bauprojekts, das in privilegierter Lage in der Ortschaft Santa María del Camí ausgeführt wurde, vorgestellt.</span></p>
<p>[/vc_column_text][/vc_column][vc_column width=&#8221;1/6&#8243;][/vc_column][/vc_row][vc_row][vc_column][vc_images_carousel images=&#8221;1452,1453,1454,1455,1456,1457,1458,1459,1460,1461,1462,1463,1464,1465,1466&#8243; img_size=&#8221;full&#8221; speed=&#8221;3000&#8243; autoplay=&#8221;yes&#8221; hide_pagination_control=&#8221;yes&#8221;][/vc_column][/vc_row][vc_row][vc_column width=&#8221;1/6&#8243;][/vc_column][vc_column width=&#8221;2/3&#8243;][vc_column_text]</p>
<p style="text-align: center;">Wir haben diese Gelegenheit, bei der wir uns ausgezeichneter Gesellschaft erfreuen konnten und uns in Begleitung außergewöhnlicher Personen befanden, dazu genutzt, gemeinsam das köstliche Catering bei Live-Musik zu genießen. Wir sind dem Immobilienbüro Living Blue dankbar für seine Mithilfe zur Veranstaltung dieses wunderbaren Events.</p>
<p>[/vc_column_text][/vc_column][vc_column width=&#8221;1/6&#8243;][/vc_column][/vc_row][vc_row][vc_column][vc_gallery type=&#8221;image_grid&#8221; images=&#8221;1467,1468,1469,1470,1471,1472,1473,1474,1475,1476,1477,1478,1479,1480,1481,1482,1483,1484,1485,1486,1487,1488,1489,1490,1491&#8243; img_size=&#8221;277&#215;180&#8243;][/vc_column][/vc_row]</p>
</section>
