{"id":1911,"date":"2020-04-02T06:24:30","date_gmt":"2020-04-02T06:24:30","guid":{"rendered":"https:\/\/mallorcaheritage.com\/de\/momentos\/inauguracion-villa-gabelli\/"},"modified":"2021-11-03T14:15:16","modified_gmt":"2021-11-03T14:15:16","slug":"inauguracion-villa-gabelli","status":"publish","type":"page","link":"https:\/\/mallorcaheritage.com\/de\/inauguracion-villa-gabelli\/","title":{"rendered":"EINWEIHUNG DES PROJEKTS VILLA GABELL\u00cd"},"content":{"rendered":"<section class=\"wpb-content-wrapper\"><p>[vc_row css=&#8221;.vc_custom_1635582456017{margin-top: 150px !important;margin-bottom: 50px !important;}&#8221;][vc_column width=&#8221;1\/6&#8243;][\/vc_column][vc_column width=&#8221;2\/3&#8243;][vc_empty_space height=&#8221;100px&#8221;][vc_column_text]<\/p>\n<h2 style=\"text-align: center;\">EINWEIHUNG DES PROJEKTS VILLA GABELL\u00cd<\/h2>\n<p>[\/vc_column_text][vc_column_text]<\/p>\n<p style=\"text-align: center;\">Die unvergessliche Feier zur Einweihung von Villa Gabell\u00ed war ebenso einzigartig und besonders wie das Projekt selbst. F\u00fcr uns war es ein wichtiger Tag, an dem wir uns bester Gesellschaft erfreuten und den Anlass im Kreise unseres hervorragenden Mitarbeiterteams, das die Entwicklung dieses un\u00fcbertrefflichen Immobilienprojekts in der exklusiven Ortschaft Son Vida erm\u00f6glicht hat, gefeiert haben.<\/p>\n<p>[\/vc_column_text][\/vc_column][vc_column width=&#8221;1\/6&#8243;][\/vc_column][\/vc_row][vc_row][vc_column][vc_images_carousel images=&#8221;1494,1495,1496,1497,1498,1499,1500,1501,1502,1503,1504,1505,1506,1507,1508&#8243; img_size=&#8221;full&#8221; speed=&#8221;3000&#8243; autoplay=&#8221;yes&#8221; hide_pagination_control=&#8221;yes&#8221;][\/vc_column][\/vc_row][vc_row][vc_column width=&#8221;1\/6&#8243;][\/vc_column][vc_column width=&#8221;2\/3&#8243;][vc_column_text]<\/p>\n<p style=\"text-align: center;\">Wir danken allen Mitarbeitern und G\u00e4sten, die uns an diesem denkw\u00fcrdigen Tage mit ihrer Anwesenheit beehrt haben.<\/p>\n<p style=\"text-align: center;\">Wir haben diesen wunderbaren Nachmittag sehr genossen und danken Ihnen allen, dass Sie uns bei der Einweihung unseres Projekts Gabell\u00ed begleitet haben. Ohne Sie w\u00e4re die Umsetzung dieses Projekts nicht m\u00f6glich gewesen. VIELEN DANK!<\/p>\n<p>[\/vc_column_text][\/vc_column][vc_column width=&#8221;1\/6&#8243;][\/vc_column][\/vc_row][vc_row][vc_column][vc_gallery type=&#8221;image_grid&#8221; images=&#8221;1509,1510,1511,1512,1513,1514,1515,1516,1517,1518,1519,1520,1521,1522,1523,1524,1525,1526,1527,1528,1529,1530,1531,1532,1533&#8243; img_size=&#8221;277&#215;180&#8243;][\/vc_column][\/vc_row]<\/p>\n<\/section>","protected":false},"excerpt":{"rendered":"<p>[vc_row css=&#8221;.vc_custom_1635582456017{margin-top: 150px !important;margin-bottom: 50px !important;}&#8221;][vc_column width=&#8221;1\/6&#8243;][\/vc_column][vc_column width=&#8221;2\/3&#8243;][vc_empty_space height=&#8221;100px&#8221;][vc_column_text] EINWEIHUNG DES PROJEKTS VILLA GABELL\u00cd [\/vc_column_text][vc_column_text] Die unvergessliche Feier zur Einweihung von Villa Gabell\u00ed war ebenso einzigartig<span class=\"excerpt-hellip\"> [\u2026]<\/span><\/p>\n","protected":false},"author":1,"featured_media":6349,"parent":0,"menu_order":0,"comment_status":"closed","ping_status":"closed","template":"","meta":{"footnotes":""},"class_list":["post-1911","page","type-page","status-publish","has-post-thumbnail","hentry"],"aioseo_notices":[],"_links":{"self":[{"href":"https:\/\/mallorcaheritage.com\/de\/wp-json\/wp\/v2\/pages\/1911","targetHints":{"allow":["GET"]}}],"collection":[{"href":"https:\/\/mallorcaheritage.com\/de\/wp-json\/wp\/v2\/pages"}],"about":[{"href":"https:\/\/mallorcaheritage.com\/de\/wp-json\/wp\/v2\/types\/page"}],"author":[{"embeddable":true,"href":"https:\/\/mallorcaheritage.com\/de\/wp-json\/wp\/v2\/users\/1"}],"replies":[{"embeddable":true,"href":"https:\/\/mallorcaheritage.com\/de\/wp-json\/wp\/v2\/comments?post=1911"}],"version-history":[{"count":0,"href":"https:\/\/mallorcaheritage.com\/de\/wp-json\/wp\/v2\/pages\/1911\/revisions"}],"wp:featuredmedia":[{"embeddable":true,"href":"https:\/\/mallorcaheritage.com\/de\/wp-json\/wp\/v2\/media\/6349"}],"wp:attachment":[{"href":"https:\/\/mallorcaheritage.com\/de\/wp-json\/wp\/v2\/media?parent=1911"}],"curies":[{"name":"wp","href":"https:\/\/api.w.org\/{rel}","templated":true}]}}

EINWEIHUNG DES PROJEKTS VILLA GABELLÍ

<section class="wpb-content-wrapper"><p>[vc_row css=&#8221;.vc_custom_1635582456017{margin-top: 150px !important;margin-bottom: 50px !important;}&#8221;][vc_column width=&#8221;1/6&#8243;][/vc_column][vc_column width=&#8221;2/3&#8243;][vc_empty_space height=&#8221;100px&#8221;][vc_column_text]</p>
<h2 style="text-align: center;">EINWEIHUNG DES PROJEKTS VILLA GABELLÍ</h2>
<p>[/vc_column_text][vc_column_text]</p>
<p style="text-align: center;">Die unvergessliche Feier zur Einweihung von Villa Gabellí war ebenso einzigartig und besonders wie das Projekt selbst. Für uns war es ein wichtiger Tag, an dem wir uns bester Gesellschaft erfreuten und den Anlass im Kreise unseres hervorragenden Mitarbeiterteams, das die Entwicklung dieses unübertrefflichen Immobilienprojekts in der exklusiven Ortschaft Son Vida ermöglicht hat, gefeiert haben.</p>
<p>[/vc_column_text][/vc_column][vc_column width=&#8221;1/6&#8243;][/vc_column][/vc_row][vc_row][vc_column][vc_images_carousel images=&#8221;1494,1495,1496,1497,1498,1499,1500,1501,1502,1503,1504,1505,1506,1507,1508&#8243; img_size=&#8221;full&#8221; speed=&#8221;3000&#8243; autoplay=&#8221;yes&#8221; hide_pagination_control=&#8221;yes&#8221;][/vc_column][/vc_row][vc_row][vc_column width=&#8221;1/6&#8243;][/vc_column][vc_column width=&#8221;2/3&#8243;][vc_column_text]</p>
<p style="text-align: center;">Wir danken allen Mitarbeitern und Gästen, die uns an diesem denkwürdigen Tage mit ihrer Anwesenheit beehrt haben.</p>
<p style="text-align: center;">Wir haben diesen wunderbaren Nachmittag sehr genossen und danken Ihnen allen, dass Sie uns bei der Einweihung unseres Projekts Gabellí begleitet haben. Ohne Sie wäre die Umsetzung dieses Projekts nicht möglich gewesen. VIELEN DANK!</p>
<p>[/vc_column_text][/vc_column][vc_column width=&#8221;1/6&#8243;][/vc_column][/vc_row][vc_row][vc_column][vc_gallery type=&#8221;image_grid&#8221; images=&#8221;1509,1510,1511,1512,1513,1514,1515,1516,1517,1518,1519,1520,1521,1522,1523,1524,1525,1526,1527,1528,1529,1530,1531,1532,1533&#8243; img_size=&#8221;277&#215;180&#8243;][/vc_column][/vc_row]</p>
</section>

<p>[vc_row css=&#8221;.vc_custom_1635582456017{margin-top: 150px !important;margin-bottom: 50px !important;}&#8221;][vc_column width=&#8221;1/6&#8243;][/vc_column][vc_column width=&#8221;2/3&#8243;][vc_empty_space height=&#8221;100px&#8221;][vc_column_text] EINWEIHUNG DES PROJEKTS VILLA GABELLÍ [/vc_column_text][vc_column_text] Die unvergessliche Feier zur Einweihung von Villa Gabellí war ebenso einzigartig<span class="excerpt-hellip"> […]</span></p>
